{"id":604,"date":"2013-09-20T14:13:35","date_gmt":"2013-09-20T17:13:35","guid":{"rendered":"http:\/\/marceloguerra.com.br\/?page_id=604"},"modified":"2013-09-20T14:13:35","modified_gmt":"2013-09-20T17:13:35","slug":"quem-sou-eu","status":"publish","type":"page","link":"https:\/\/site.marceloguerra.com.br\/index.php\/quem-sou-eu\/","title":{"rendered":"Quem sou eu"},"content":{"rendered":"\n<figure class=\"wp-block-image size-large\"><a href=\"https:\/\/i0.wp.com\/site.marceloguerra.com.br\/wp-content\/uploads\/2023\/01\/P_20180622_161144_BF-scaled-1.jpg?ssl=1\"><img data-recalc-dims=\"1\" height=\"700\" width=\"525\" decoding=\"async\" src=\"https:\/\/i0.wp.com\/marceloguerra.com.br\/wp-content\/uploads\/2023\/01\/P_20180622_161144_BF-768x1024.jpg?resize=525%2C700&#038;ssl=1\" alt=\"\" class=\"wp-image-1433\"\/><\/a><\/figure>\n\n\n\n<p>Sou m\u00e9dico homeopata e terapeuta junguiano, atendo em Nova Friburgo ou online.<br>Natural de S\u00e3o Gon\u00e7alo (RJ), nasci em 1965, estudei no Col\u00e9gio Municipal Presidente Castello Branco at\u00e9 a oitava s\u00e9rie. Fiz o Ensino M\u00e9dio (no meu tempo chamava-se Segundo Grau) em Niter\u00f3i, no Instituto Gay-Lussac. Passei no Vestibular para Medicina da Universidade Federal do Rio de Janeiro (UFRJ), onde estudei at\u00e9 1989.<br>Em 1987, ainda durante a Faculdade, entrei para a Escola de Psican\u00e1lise de Niter\u00f3i (j\u00e1 destru\u00edda por sucessivas dissid\u00eancias), onde participei do curso de forma\u00e7\u00e3o de Psicanalistas por 2 anos.<br>Ap\u00f3s graduar-me como m\u00e9dico, por\u00e9m, decidi trabalhar como Pediatra, conciliando com os estudos em Psican\u00e1lise. Devo a meus estudos em Psican\u00e1lise a capacidade de ouvir os pacientes de forma a reconhecer o que necessita ser tratado em cada caso.<br>Em 1993 fui aprovado no Concurso para T\u00edtulo de Especialista em Pediatria, da Sociedade Brasileira de Pediatria, tornando-me Especialista em Pediatria.<br>Em 1990 comecei o Curso de Especializa\u00e7\u00e3o em Homeopatia da Sociedade de Homeopatia do Estado do Rio de Janeiro (SOHERJ), mas, ap\u00f3s 1 ano, resolvi mudar para o curso do Instituto Hahnemanniano do Brasil (IHB), a mais tradicional escola de Homeopatia do pa\u00eds, fundada h\u00e1 mais de 100 anos, onde conclu\u00ed em 1993.<br>Em 1994 participei do Curso de Fitoterapia promovido pela AFHERJ (Associa\u00e7\u00e3o de Farmac\u00eauticos Homeopatas do Estado do Rio de Janeiro).<br>Em 1997 fui a Kathmandu, no Nepal, onde trabalhei voluntariamente no Himalayan Healing Centre, funda\u00e7\u00e3o assistencial mantida pelo Lama Gangchen Rimpoche. Nessa oportunidade, entrei em contato com diversos ramos da Medicina Oriental, como Medicina Ayurvedica, Medicina Tibetana, Yogaterapia, \u2026 e fiquei fascinado pelos m\u00e9todos usados e resultados obtidos em muitos, milh\u00f5es mesmo, de pacientes. Fiz cursos l\u00e1 e, desde ent\u00e3o, estou destrinchando os detalhes nos livros que trouxe de l\u00e1, tiro as d\u00favidas (que n\u00e3o s\u00e3o poucas) com os meus professores de l\u00e1 (Dr. Rajesh e Dr. Koirala). Contudo, o que mais ficou desta experi\u00eancia foi a forma de atender o paciente, como um ser humano integral, que sente dor, que sente emo\u00e7\u00f5es, que tem doen\u00e7as org\u00e2nicas mas continua sendo uma pessoa que sofre.<br>Em 1998 comecei a P\u00f3s-Gradua\u00e7\u00e3o em Acupuntura e Eletroacupuntura na ABACO (Academia Brasileira de Arte e Ci\u00eancia Oriental), no Rio de Janeiro, tendo conclu\u00eddo em agosto de 2000.<br>Em 2000, participei de um curso de introdu\u00e7\u00e3o \u00e0 Antroposofia, promovido pelo GAIA \u2013 RJ (Grupo de Iniciativas Antropos\u00f3ficas do Rio de Janeiro). Voltei em 2006 para fazer o curso de Fundamenta\u00e7\u00e3o em Antroposofia.<br>A partir de 2000 comecei a participar do workshop do GEHSH (Grupo de Estudos Homeop\u00e1ticos Samuel Hahnemann), no Rio de Janeiro, sob a coordena\u00e7\u00e3o do \u201cTio\u201d Aldo Farias Dias, um Mestre no sentido mais amplo da palavra! E continuo participando das atividades com esse grupo que agora re\u00fane m\u00e9dicos homeopatas do Brasil inteiro.<br>Realizei o curso de Forma\u00e7\u00e3o em Terapia Biogr\u00e1fica entre 2005 e 2009, promovido pela Escola Livre de Forma\u00e7\u00e3o Biogr\u00e1fica de Minas Gerais. Em 2009 e 2010 fiz o curso de Medicina Antropos\u00f3fica, em Campinas, promovido pela Associa\u00e7\u00e3o Brasileira de Medicina Antropos\u00f3fica, junto com a Sociedade Brasileira de Medicina de Fam\u00edlia e Comunidade. Estes cursos me permitiram ampliar um pouco mais a vis\u00e3o do ser humano.<\/p>\n\n\n\n<p>Estou fazendo Forma\u00e7\u00e3o em Psicologia Anal\u00edtica (tamb\u00e9m chamada An\u00e1lise Junguiana ou Psicologia Complexa) no Instituto Dedalus, o que enriquece e transforma o meu atendimento em psicoterapia, com o foco nas produ\u00e7\u00f5es do inconsciente que tanto influenciam o comportamento e os sentimentos de cada um.<\/p>\n\n\n\n<p>Meu trabalho \u00e9 realizado basicamente em consult\u00f3rio m\u00e9dico, seja presencialmente ou online. No fundo, como homeopata, sou um Cl\u00ednico Geral \u00e0 moda antiga, que atende pacientes com as mais diferentes queixas, como alergias, doen\u00e7as reum\u00e1ticas, depress\u00e3o, problemas emocionais, nen\u00e9ns com c\u00f3lica, refluxo etc. Al\u00e9m de atender como psicoterapeuta. Isto torna minha pr\u00e1tica sempre din\u00e2mica, porque eu nunca sei que tipo de queixa me aguarda quando eu chamar o pr\u00f3ximo paciente, a \u00fanica certeza \u00e9 que eu vou atender uma PESSOA que sofre e quer solu\u00e7\u00e3o para seus sofrimentos.<\/p>\n","protected":false},"excerpt":{"rendered":"<p>Sou m\u00e9dico homeopata e terapeuta junguiano, atendo em Nova Friburgo ou online.Natural de S\u00e3o Gon\u00e7alo (RJ), nasci em 1965, estudei no Col\u00e9gio Municipal Presidente Castello Branco at\u00e9 a oitava s\u00e9rie. Fiz o Ensino M\u00e9dio (no meu tempo chamava-se Segundo Grau) em Niter\u00f3i, no Instituto Gay-Lussac. Passei no Vestibular para Medicina da Universidade Federal do Rio &hellip; <\/p>\n<p class=\"link-more\"><a href=\"https:\/\/site.marceloguerra.com.br\/index.php\/quem-sou-eu\/\" class=\"more-link\">Continue reading<span class=\"screen-reader-text\"> &#8220;Quem sou eu&#8221;<\/span><\/a><\/p>\n","protected":false},"author":1,"featured_media":0,"parent":0,"menu_order":0,"comment_status":"closed","ping_status":"closed","template":"","meta":{"footnotes":""},"class_list":["post-604","page","type-page","status-publish","hentry"],"jetpack-related-posts":[],"jetpack_sharing_enabled":true,"_links":{"self":[{"href":"https:\/\/site.marceloguerra.com.br\/index.php\/wp-json\/wp\/v2\/pages\/604","targetHints":{"allow":["GET"]}}],"collection":[{"href":"https:\/\/site.marceloguerra.com.br\/index.php\/wp-json\/wp\/v2\/pages"}],"about":[{"href":"https:\/\/site.marceloguerra.com.br\/index.php\/wp-json\/wp\/v2\/types\/page"}],"author":[{"embeddable":true,"href":"https:\/\/site.marceloguerra.com.br\/index.php\/wp-json\/wp\/v2\/users\/1"}],"replies":[{"embeddable":true,"href":"https:\/\/site.marceloguerra.com.br\/index.php\/wp-json\/wp\/v2\/comments?post=604"}],"version-history":[{"count":0,"href":"https:\/\/site.marceloguerra.com.br\/index.php\/wp-json\/wp\/v2\/pages\/604\/revisions"}],"wp:attachment":[{"href":"https:\/\/site.marceloguerra.com.br\/index.php\/wp-json\/wp\/v2\/media?parent=604"}],"curies":[{"name":"wp","href":"https:\/\/api.w.org\/{rel}","templated":true}]}}